{"id":52,"name":"plan-dzialania","title":"Plan dzia\u0142ania","desc":"","header":"Plan dzia\u0142ania","lead":"","keywords":"","changes":"Aktualizacja danych","menu":"","path":"\/deklaracja-dostepnosci\/plan-dzialania.html","url":"\/deklaracja-dostepnosci\/plan-dzialania.html","infoOwner":"Pedagogiczna Biblioteka Wojew\u00f3dzka w Bielsku-Bia\u0142ej","dateFirstPublicate":"2024-06-27 12:57:02","dateLastVersionPublicate":"2024-06-27 13:20:15","dateAvailableFrom":"2024-06-27 12:56:58","dateAvailableTo":"","type":"jednostki_Zwyk\u0142a","pageParams":[],"components":[{"id":"93bb94fe-7312-11e9-90c1-000c290e6fc2","type":"SectionDescription","name":"","description":"Zajawka sekcji","content":[]},{"id":"93bbe8e3-7312-11e9-90c1-000c290e6fc2","type":"PageTitle","name":"Tytu\u0142 strony","description":"Tytu\u0142 strony","content":{"title":"Plan dzia\u0142ania"}},{"id":"93bc435c-7312-11e9-90c1-000c290e6fc2","type":"PageDescription","name":"","description":"Zajawka strony","content":[]},{"id":"93bcef8e-7312-11e9-90c1-000c290e6fc2","type":"ContentWYSIWYG","name":"Tre\u015b\u0107","description":"Tre\u015b\u0107 strony","content":{"content":"\u003Cp style=\u0022text-align: center;\u0022\u003E\u003Cstrong\u003EPLAN DZIA\u0141ANIA NA RZECZ POPRAWY ZAPEWNIENIA DOST\u0118PNO\u015aCI OSOBOM ZE SZCZEG\u00d3LNYMI POTRZEBAMI W PEDAGOGICZNEJ BIBLIOTECE WOJEW\u00d3DZKIEJ W BIELSKU-BIA\u0141EJ NA LATA 2024\/2025.\u003C\/strong\u003E\u003C\/p\u003E\n\u003Cp style=\u0022text-align: left;\u0022\u003E\u003C\/p\u003E\n\u003Cp style=\u0022text-align: left;\u0022\u003E\u003Ca href=\u0022https:\/\/pbwbielsko-bip.slaskie.pl\/resource\/92\/plan dzia\u0142ania.pdf\/attachment.1\u0022 title=\u0022null\u0022 target=\u0022_blank\u0022 rel=\u0022noopener noreferrer\u0022\u003EPlan dzia\u0142ania\u003C\/a\u003E\u003C\/p\u003E","promotion":false}},{"id":"93bd42ce-7312-11e9-90c1-000c290e6fc2","type":"Gallery","name":"Galeria","description":"Galeria"},{"id":"93bd956b-7312-11e9-90c1-000c290e6fc2","type":"Attachment","name":"Za\u0142\u0105czniki","description":"Za\u0142\u0105czniki do strony"},{"id":"d63e71ef-92cf-11f0-b976-00505697ccff","type":"PageThumbnail","name":"","description":"Miniaturka strony","content":[]}]}

Plan działania

Pedagogiczna Biblioteka Wojewódzka w Bielsku-Białej

jednostki_Zwykła

Tytuł strony

Treść

Treść strony

<p style="text-align: center;"><strong>PLAN DZIAŁANIA NA RZECZ POPRAWY ZAPEWNIENIA DOSTĘPNOŚCI OSOBOM ZE SZCZEGÓLNYMI POTRZEBAMI W PEDAGOGICZNEJ BIBLIOTECE WOJEWÓDZKIEJ W BIELSKU-BIAŁEJ NA LATA 2024/2025.</strong></p>
<p style="text-align: left;"></p>
<p style="text-align: left;"><a href="https://pbwbielsko-bip.slaskie.pl/resource/92/plan działania.pdf/attachment.1" title="null" target="_blank" rel="noopener noreferrer">Plan działania</a></p>

Załączniki

Załączniki do strony
